{"id":524,"date":"2025-03-21T14:55:34","date_gmt":"2025-03-21T13:55:34","guid":{"rendered":"https:\/\/theliastech.com\/?page_id=524"},"modified":"2025-04-14T14:43:10","modified_gmt":"2025-04-14T12:43:10","slug":"home-fr","status":"publish","type":"page","link":"https:\/\/theliastech.com\/index.php\/fr\/home-fr\/","title":{"rendered":"Home-fr"},"content":{"rendered":"\n<div id=\"wp-block-themeisle-blocks-advanced-columns-85524c90\" class=\"wp-block-themeisle-blocks-advanced-columns alignfull has-1-columns has-desktop-equal-layout has-tablet-equal-layout has-mobile-equal-layout has-vertical-center\"><div class=\"wp-block-themeisle-blocks-advanced-columns-overlay\"><\/div><div class=\"innerblocks-wrap\">\n<div id=\"wp-block-themeisle-blocks-advanced-column-aa440697\" class=\"wp-block-themeisle-blocks-advanced-column has-light-bg\">\n<h1 class=\"wp-block-heading has-text-align-center\">Bienvenue chez Th\u00e9lias \u2013 Votre partenaire en instruments scientifiques \u00e0 Paris<\/h1>\n\n\n\n<p class=\"has-text-align-center\" style=\"font-size:1.125em\">De l\u2019AFM aux profilom\u00e8tres en passant par les syst\u00e8mes Raman, nous proposons des solutions sur mesure, alliant pr\u00e9cision et savoir-faire.<\/p>\n\n\n\n<div class=\"wp-block-buttons is-content-justification-center is-layout-flex wp-container-core-buttons-is-layout-16018d1d wp-block-buttons-is-layout-flex\">\n<div class=\"wp-block-button is-style-primary\"><a class=\"wp-block-button__link wp-element-button\">D\u00e9couvrez Maintenant<\/a><\/div>\n<\/div>\n<\/div>\n<\/div><\/div>\n\n\n\n<div id=\"wp-block-themeisle-blocks-advanced-columns-8a779bf8\" class=\"wp-block-themeisle-blocks-advanced-columns alignfull has-1-columns has-desktop-equal-layout has-tablet-equal-layout has-mobile-equal-layout has-vertical-unset has-light-bg\"><div class=\"wp-block-themeisle-blocks-advanced-columns-overlay\"><\/div><div class=\"innerblocks-wrap\">\n<div id=\"wp-block-themeisle-blocks-advanced-column-8b3786b3\" class=\"wp-block-themeisle-blocks-advanced-column\">\n<div class=\"wp-block-columns are-vertically-aligned-top is-layout-flex wp-container-core-columns-is-layout-9d6595d7 wp-block-columns-is-layout-flex\">\n<div class=\"wp-block-column is-vertically-aligned-top is-layout-flow wp-block-column-is-layout-flow\">\n<figure class=\"wp-block-image size-full\"><img fetchpriority=\"high\" decoding=\"async\" width=\"600\" height=\"600\" src=\"https:\/\/theliastech.com\/wp-content\/uploads\/2025\/03\/Image1.png\" alt=\"\" class=\"wp-image-483\" srcset=\"https:\/\/theliastech.com\/wp-content\/uploads\/2025\/03\/Image1.png 600w, https:\/\/theliastech.com\/wp-content\/uploads\/2025\/03\/Image1-300x300.png 300w, https:\/\/theliastech.com\/wp-content\/uploads\/2025\/03\/Image1-150x150.png 150w\" sizes=\"(max-width: 600px) 100vw, 600px\" \/><\/figure>\n\n\n\n<div style=\"height:32px\" aria-hidden=\"true\" class=\"wp-block-spacer\"><\/div>\n\n\n\n<h3 class=\"wp-block-heading\">AFM<\/h3>\n\n\n\n<p>La s\u00e9rie <strong>NTEGRA<\/strong> d\u2019AFM couvre un large \u00e9ventail d\u2019applications, allant de l\u2019enseignement et la formation \u00e0 la recherche avanc\u00e9e et au d\u00e9veloppement (R&amp;D).<\/p>\n<\/div>\n\n\n\n<div class=\"wp-block-column is-vertically-aligned-top is-layout-flow wp-block-column-is-layout-flow\">\n<figure class=\"wp-block-image size-full\"><img decoding=\"async\" width=\"600\" height=\"600\" src=\"https:\/\/theliastech.com\/wp-content\/uploads\/2025\/03\/Image3.png\" alt=\"\" class=\"wp-image-487\" srcset=\"https:\/\/theliastech.com\/wp-content\/uploads\/2025\/03\/Image3.png 600w, https:\/\/theliastech.com\/wp-content\/uploads\/2025\/03\/Image3-300x300.png 300w, https:\/\/theliastech.com\/wp-content\/uploads\/2025\/03\/Image3-150x150.png 150w\" sizes=\"(max-width: 600px) 100vw, 600px\" \/><\/figure>\n\n\n\n<div style=\"height:32px\" aria-hidden=\"true\" class=\"wp-block-spacer\"><\/div>\n\n\n\n<h3 class=\"wp-block-heading\">Profilometer<\/h3>\n\n\n\n<p>Le profilom\u00e8tre uSTEP 300 offre une solution de m\u00e9trologie avanc\u00e9e et non destructive adapt\u00e9e \u00e0 une large gamme d\u2019\u00e9chantillons. Con\u00e7u pour l\u2019analyse de plaques jusqu\u2019\u00e0 300 mm de diam\u00e8tre, il int\u00e8gre un syst\u00e8me de balayage pi\u00e9zo\u00e9lectrique garantissant des mesures de haute pr\u00e9cision, avec une r\u00e9solution lat\u00e9rale allant jusqu\u2019\u00e0 25 nm. Cet instrument est id\u00e9al pour le contr\u00f4le qualit\u00e9, la recherche et le d\u00e9veloppement, permettant des diagnostics fiables sur des surfaces complexes sans alt\u00e9rer les \u00e9chantillons.<\/p>\n<\/div>\n\n\n\n<div class=\"wp-block-column is-vertically-aligned-top is-layout-flow wp-block-column-is-layout-flow\">\n<figure class=\"wp-block-image size-full\"><img decoding=\"async\" width=\"600\" height=\"600\" src=\"https:\/\/theliastech.com\/wp-content\/uploads\/2025\/03\/Image2.png\" alt=\"\" class=\"wp-image-485\" srcset=\"https:\/\/theliastech.com\/wp-content\/uploads\/2025\/03\/Image2.png 600w, https:\/\/theliastech.com\/wp-content\/uploads\/2025\/03\/Image2-300x300.png 300w, https:\/\/theliastech.com\/wp-content\/uploads\/2025\/03\/Image2-150x150.png 150w\" sizes=\"(max-width: 600px) 100vw, 600px\" \/><\/figure>\n\n\n\n<div style=\"height:32px\" aria-hidden=\"true\" class=\"wp-block-spacer\"><\/div>\n\n\n\n<h3 class=\"wp-block-heading\">Raman<\/h3>\n\n\n\n<p>Le <strong>microspectrom\u00e8tre confocal Raman et photoluminescence LS RamBo 620<\/strong> est con\u00e7u pour la microanalyse physico-chimique avanc\u00e9e. Ce syst\u00e8me offre des informations pr\u00e9cieuses sur la composition et la structure mol\u00e9culaires, s\u2019adaptant \u00e0 une large vari\u00e9t\u00e9 d\u2019applications scientifiques dans les domaines des mat\u00e9riaux, de la chimie, de la physique et des sciences de la vie.<\/p>\n<\/div>\n<\/div>\n<\/div>\n<\/div><\/div>\n\n\n\n<h2 class=\"wp-block-heading has-text-align-center\" style=\"padding-top:var(--wp--preset--spacing--40);padding-bottom:var(--wp--preset--spacing--40)\"><a href=\"https:\/\/theliastech.com\/index.php\/services\/\">Services and Supports<\/a><\/h2>\n\n\n\n<div class=\"wp-block-columns are-vertically-aligned-top is-layout-flex wp-container-core-columns-is-layout-9d6595d7 wp-block-columns-is-layout-flex\">\n<div class=\"wp-block-column is-vertically-aligned-top is-layout-flow wp-block-column-is-layout-flow\">\n<figure class=\"wp-block-image size-full\"><a href=\"https:\/\/theliastech.com\/index.php\/services\/sample-observation\/\"><img loading=\"lazy\" decoding=\"async\" width=\"600\" height=\"600\" src=\"https:\/\/theliastech.com\/wp-content\/uploads\/2025\/04\/Image9.jpg\" alt=\"\" class=\"wp-image-786\" srcset=\"https:\/\/theliastech.com\/wp-content\/uploads\/2025\/04\/Image9.jpg 600w, https:\/\/theliastech.com\/wp-content\/uploads\/2025\/04\/Image9-300x300.jpg 300w, https:\/\/theliastech.com\/wp-content\/uploads\/2025\/04\/Image9-150x150.jpg 150w\" sizes=\"(max-width: 600px) 100vw, 600px\" \/><\/a><\/figure>\n\n\n\n<div style=\"height:32px\" aria-hidden=\"true\" class=\"wp-block-spacer\"><\/div>\n\n\n\n<h3 class=\"wp-block-heading\"><a href=\"https:\/\/theliastech.com\/index.php\/services\/sample-observation\/\">Nano-Scale Characterization<\/a><\/h3>\n\n\n\n<p>Nous proposons des techniques de caract\u00e9risation avanc\u00e9es \u00e0 l\u2019\u00e9chelle nanom\u00e9trique pour accompagner vos besoins en recherche et d\u00e9veloppement. Nos services incluent la tomographie AFM, la PFM, la MFM, l\u2019imagerie SEM, l\u2019imagerie STEM ainsi que l\u2019analyse chimique \u00e0 haute r\u00e9solution. De la morphologie de surface aux propri\u00e9t\u00e9s fonctionnelles et structurales, nous fournissons des informations d\u00e9taill\u00e9es \u00e0 l\u2019\u00e9chelle du nanom\u00e8tre.<\/p>\n<\/div>\n\n\n\n<div class=\"wp-block-column is-vertically-aligned-top is-layout-flow wp-block-column-is-layout-flow\">\n<figure class=\"wp-block-image size-full\"><a href=\"https:\/\/theliastech.com\/index.php\/services\/specimen-preparation\/\"><img loading=\"lazy\" decoding=\"async\" width=\"600\" height=\"600\" src=\"https:\/\/theliastech.com\/wp-content\/uploads\/2025\/04\/Image7-1.jpg\" alt=\"\" class=\"wp-image-783\" srcset=\"https:\/\/theliastech.com\/wp-content\/uploads\/2025\/04\/Image7-1.jpg 600w, https:\/\/theliastech.com\/wp-content\/uploads\/2025\/04\/Image7-1-300x300.jpg 300w, https:\/\/theliastech.com\/wp-content\/uploads\/2025\/04\/Image7-1-150x150.jpg 150w\" sizes=\"(max-width: 600px) 100vw, 600px\" \/><\/a><\/figure>\n\n\n\n<div style=\"height:32px\" aria-hidden=\"true\" class=\"wp-block-spacer\"><\/div>\n\n\n\n<h3 class=\"wp-block-heading\"><a href=\"https:\/\/theliastech.com\/index.php\/services\/specimen-preparation\/\">Specimen Preparation<\/a><\/h3>\n\n\n\n<p>Nous proposons des solutions compl\u00e8tes de pr\u00e9paration d\u2019\u00e9chantillons, incluant la d\u00e9coupe de pr\u00e9cision, le polissage miroir des surfaces et la pr\u00e9paration de lames FIB adapt\u00e9es \u00e0 l\u2019observation en STEM haute r\u00e9solution. Notre cha\u00eene de pr\u00e9paration garantit une qualit\u00e9 optimale des \u00e9chantillons pour des analyses avanc\u00e9es.<\/p>\n<\/div>\n\n\n\n<div class=\"wp-block-column is-vertically-aligned-top is-layout-flow wp-block-column-is-layout-flow\">\n<figure class=\"wp-block-image size-full\"><a href=\"https:\/\/theliastech.com\/index.php\/services\/scientific-instruments-resale\/\"><img loading=\"lazy\" decoding=\"async\" width=\"600\" height=\"600\" src=\"https:\/\/theliastech.com\/wp-content\/uploads\/2025\/04\/Image8-1.jpg\" alt=\"\" class=\"wp-image-782\" srcset=\"https:\/\/theliastech.com\/wp-content\/uploads\/2025\/04\/Image8-1.jpg 600w, https:\/\/theliastech.com\/wp-content\/uploads\/2025\/04\/Image8-1-300x300.jpg 300w, https:\/\/theliastech.com\/wp-content\/uploads\/2025\/04\/Image8-1-150x150.jpg 150w\" sizes=\"(max-width: 600px) 100vw, 600px\" \/><\/a><\/figure>\n\n\n\n<div style=\"height:32px\" aria-hidden=\"true\" class=\"wp-block-spacer\"><\/div>\n\n\n\n<h3 class=\"wp-block-heading\"><a href=\"https:\/\/theliastech.com\/index.php\/services\/scientific-instruments-resale\/\">Scientific Instruments Resale<\/a><\/h3>\n\n\n\n<p>Nous achetons et revendons des instruments scientifiques d&#8217;occasion \u2014 y compris, mais sans s&#8217;y limiter, des AFM, des profilom\u00e8tres, des spectrom\u00e8tres Raman et des ellipsom\u00e8tres. Notre objectif est de prolonger le cycle de vie des \u00e9quipements de laboratoire, favorisant ainsi la durabilit\u00e9 et la recherche \u00e0 co\u00fbt r\u00e9duit.<\/p>\n<\/div>\n<\/div>\n","protected":false},"excerpt":{"rendered":"<p>Services and Supports Nano-Scale Characterization Nous proposons des techniques de caract\u00e9risation avanc\u00e9es \u00e0 l\u2019\u00e9chelle nanom\u00e9trique pour accompagner vos besoins en recherche et d\u00e9veloppement. Nos services incluent la tomographie AFM, la PFM, la MFM, l\u2019imagerie SEM, l\u2019imagerie STEM ainsi que l\u2019analyse chimique \u00e0 haute r\u00e9solution. De la morphologie de surface aux propri\u00e9t\u00e9s fonctionnelles et structurales, nous&hellip;&nbsp;<a href=\"https:\/\/theliastech.com\/index.php\/fr\/home-fr\/\" rel=\"bookmark\">Read More &raquo;<span class=\"screen-reader-text\">Home-fr<\/span><\/a><\/p>\n","protected":false},"author":1,"featured_media":0,"parent":0,"menu_order":0,"comment_status":"closed","ping_status":"closed","template":"","meta":{"neve_meta_sidebar":"full-width","neve_meta_container":"contained","neve_meta_enable_content_width":"on","neve_meta_content_width":100,"neve_meta_title_alignment":"","neve_meta_author_avatar":"","neve_post_elements_order":"","neve_meta_disable_header":"","neve_meta_disable_footer":"","neve_meta_disable_title":"on","_themeisle_gutenberg_block_has_review":false,"footnotes":""},"class_list":["post-524","page","type-page","status-publish","hentry"],"yoast_head":"<!-- This site is optimized with the Yoast SEO plugin v27.4 - https:\/\/yoast.com\/product\/yoast-seo-wordpress\/ -->\n<title>Home-fr - Th\u00e9lias Tech<\/title>\n<meta name=\"robots\" content=\"index, follow, max-snippet:-1, max-image-preview:large, max-video-preview:-1\" \/>\n<link rel=\"canonical\" href=\"https:\/\/theliastech.com\/index.php\/fr\/home-fr\/\" \/>\n<meta property=\"og:locale\" content=\"en_US\" \/>\n<meta property=\"og:type\" content=\"article\" \/>\n<meta property=\"og:title\" content=\"Home-fr - Th\u00e9lias Tech\" \/>\n<meta property=\"og:description\" content=\"Services and Supports Nano-Scale Characterization Nous proposons des techniques de caract\u00e9risation avanc\u00e9es \u00e0 l\u2019\u00e9chelle nanom\u00e9trique pour accompagner vos besoins en recherche et d\u00e9veloppement. Nos services incluent la tomographie AFM, la PFM, la MFM, l\u2019imagerie SEM, l\u2019imagerie STEM ainsi que l\u2019analyse chimique \u00e0 haute r\u00e9solution. De la morphologie de surface aux propri\u00e9t\u00e9s fonctionnelles et structurales, nous&hellip;&nbsp;Read More &raquo;Home-fr\" \/>\n<meta property=\"og:url\" content=\"https:\/\/theliastech.com\/index.php\/fr\/home-fr\/\" \/>\n<meta property=\"og:site_name\" content=\"Th\u00e9lias Tech\" \/>\n<meta property=\"article:modified_time\" content=\"2025-04-14T12:43:10+00:00\" \/>\n<meta property=\"og:image\" content=\"https:\/\/theliastech.com\/wp-content\/uploads\/2025\/03\/Image1.png\" \/>\n\t<meta property=\"og:image:width\" content=\"600\" \/>\n\t<meta property=\"og:image:height\" content=\"600\" \/>\n\t<meta property=\"og:image:type\" content=\"image\/png\" \/>\n<meta name=\"twitter:card\" content=\"summary_large_image\" \/>\n<meta name=\"twitter:label1\" content=\"Est. reading time\" \/>\n\t<meta name=\"twitter:data1\" content=\"3 minutes\" \/>\n<script type=\"application\/ld+json\" class=\"yoast-schema-graph\">{\"@context\":\"https:\\\/\\\/schema.org\",\"@graph\":[{\"@type\":\"WebPage\",\"@id\":\"https:\\\/\\\/theliastech.com\\\/index.php\\\/fr\\\/home-fr\\\/\",\"url\":\"https:\\\/\\\/theliastech.com\\\/index.php\\\/fr\\\/home-fr\\\/\",\"name\":\"Home-fr - Th\u00e9lias Tech\",\"isPartOf\":{\"@id\":\"https:\\\/\\\/theliastech.com\\\/#website\"},\"primaryImageOfPage\":{\"@id\":\"https:\\\/\\\/theliastech.com\\\/index.php\\\/fr\\\/home-fr\\\/#primaryimage\"},\"image\":{\"@id\":\"https:\\\/\\\/theliastech.com\\\/index.php\\\/fr\\\/home-fr\\\/#primaryimage\"},\"thumbnailUrl\":\"https:\\\/\\\/theliastech.com\\\/wp-content\\\/uploads\\\/2025\\\/03\\\/Image1.png\",\"datePublished\":\"2025-03-21T13:55:34+00:00\",\"dateModified\":\"2025-04-14T12:43:10+00:00\",\"breadcrumb\":{\"@id\":\"https:\\\/\\\/theliastech.com\\\/index.php\\\/fr\\\/home-fr\\\/#breadcrumb\"},\"inLanguage\":\"en-US\",\"potentialAction\":[{\"@type\":\"ReadAction\",\"target\":[\"https:\\\/\\\/theliastech.com\\\/index.php\\\/fr\\\/home-fr\\\/\"]}]},{\"@type\":\"ImageObject\",\"inLanguage\":\"en-US\",\"@id\":\"https:\\\/\\\/theliastech.com\\\/index.php\\\/fr\\\/home-fr\\\/#primaryimage\",\"url\":\"https:\\\/\\\/theliastech.com\\\/wp-content\\\/uploads\\\/2025\\\/03\\\/Image1.png\",\"contentUrl\":\"https:\\\/\\\/theliastech.com\\\/wp-content\\\/uploads\\\/2025\\\/03\\\/Image1.png\",\"width\":600,\"height\":600},{\"@type\":\"BreadcrumbList\",\"@id\":\"https:\\\/\\\/theliastech.com\\\/index.php\\\/fr\\\/home-fr\\\/#breadcrumb\",\"itemListElement\":[{\"@type\":\"ListItem\",\"position\":1,\"name\":\"Home\",\"item\":\"https:\\\/\\\/theliastech.com\\\/\"},{\"@type\":\"ListItem\",\"position\":2,\"name\":\"Home-fr\"}]},{\"@type\":\"WebSite\",\"@id\":\"https:\\\/\\\/theliastech.com\\\/#website\",\"url\":\"https:\\\/\\\/theliastech.com\\\/\",\"name\":\"Th\u00e9lias Tech\",\"description\":\"Scientific Instruments\",\"publisher\":{\"@id\":\"https:\\\/\\\/theliastech.com\\\/#organization\"},\"potentialAction\":[{\"@type\":\"SearchAction\",\"target\":{\"@type\":\"EntryPoint\",\"urlTemplate\":\"https:\\\/\\\/theliastech.com\\\/?s={search_term_string}\"},\"query-input\":{\"@type\":\"PropertyValueSpecification\",\"valueRequired\":true,\"valueName\":\"search_term_string\"}}],\"inLanguage\":\"en-US\"},{\"@type\":\"Organization\",\"@id\":\"https:\\\/\\\/theliastech.com\\\/#organization\",\"name\":\"Th\u00e9lias Tech\",\"url\":\"https:\\\/\\\/theliastech.com\\\/\",\"logo\":{\"@type\":\"ImageObject\",\"inLanguage\":\"en-US\",\"@id\":\"https:\\\/\\\/theliastech.com\\\/#\\\/schema\\\/logo\\\/image\\\/\",\"url\":\"https:\\\/\\\/theliastech.com\\\/wp-content\\\/uploads\\\/2021\\\/02\\\/logo.svg\",\"contentUrl\":\"https:\\\/\\\/theliastech.com\\\/wp-content\\\/uploads\\\/2021\\\/02\\\/logo.svg\",\"width\":132,\"height\":40,\"caption\":\"Th\u00e9lias Tech\"},\"image\":{\"@id\":\"https:\\\/\\\/theliastech.com\\\/#\\\/schema\\\/logo\\\/image\\\/\"}}]}<\/script>\n<!-- \/ Yoast SEO plugin. -->","yoast_head_json":{"title":"Home-fr - Th\u00e9lias Tech","robots":{"index":"index","follow":"follow","max-snippet":"max-snippet:-1","max-image-preview":"max-image-preview:large","max-video-preview":"max-video-preview:-1"},"canonical":"https:\/\/theliastech.com\/index.php\/fr\/home-fr\/","og_locale":"en_US","og_type":"article","og_title":"Home-fr - Th\u00e9lias Tech","og_description":"Services and Supports Nano-Scale Characterization Nous proposons des techniques de caract\u00e9risation avanc\u00e9es \u00e0 l\u2019\u00e9chelle nanom\u00e9trique pour accompagner vos besoins en recherche et d\u00e9veloppement. Nos services incluent la tomographie AFM, la PFM, la MFM, l\u2019imagerie SEM, l\u2019imagerie STEM ainsi que l\u2019analyse chimique \u00e0 haute r\u00e9solution. De la morphologie de surface aux propri\u00e9t\u00e9s fonctionnelles et structurales, nous&hellip;&nbsp;Read More &raquo;Home-fr","og_url":"https:\/\/theliastech.com\/index.php\/fr\/home-fr\/","og_site_name":"Th\u00e9lias Tech","article_modified_time":"2025-04-14T12:43:10+00:00","og_image":[{"width":600,"height":600,"url":"https:\/\/theliastech.com\/wp-content\/uploads\/2025\/03\/Image1.png","type":"image\/png"}],"twitter_card":"summary_large_image","twitter_misc":{"Est. reading time":"3 minutes"},"schema":{"@context":"https:\/\/schema.org","@graph":[{"@type":"WebPage","@id":"https:\/\/theliastech.com\/index.php\/fr\/home-fr\/","url":"https:\/\/theliastech.com\/index.php\/fr\/home-fr\/","name":"Home-fr - Th\u00e9lias Tech","isPartOf":{"@id":"https:\/\/theliastech.com\/#website"},"primaryImageOfPage":{"@id":"https:\/\/theliastech.com\/index.php\/fr\/home-fr\/#primaryimage"},"image":{"@id":"https:\/\/theliastech.com\/index.php\/fr\/home-fr\/#primaryimage"},"thumbnailUrl":"https:\/\/theliastech.com\/wp-content\/uploads\/2025\/03\/Image1.png","datePublished":"2025-03-21T13:55:34+00:00","dateModified":"2025-04-14T12:43:10+00:00","breadcrumb":{"@id":"https:\/\/theliastech.com\/index.php\/fr\/home-fr\/#breadcrumb"},"inLanguage":"en-US","potentialAction":[{"@type":"ReadAction","target":["https:\/\/theliastech.com\/index.php\/fr\/home-fr\/"]}]},{"@type":"ImageObject","inLanguage":"en-US","@id":"https:\/\/theliastech.com\/index.php\/fr\/home-fr\/#primaryimage","url":"https:\/\/theliastech.com\/wp-content\/uploads\/2025\/03\/Image1.png","contentUrl":"https:\/\/theliastech.com\/wp-content\/uploads\/2025\/03\/Image1.png","width":600,"height":600},{"@type":"BreadcrumbList","@id":"https:\/\/theliastech.com\/index.php\/fr\/home-fr\/#breadcrumb","itemListElement":[{"@type":"ListItem","position":1,"name":"Home","item":"https:\/\/theliastech.com\/"},{"@type":"ListItem","position":2,"name":"Home-fr"}]},{"@type":"WebSite","@id":"https:\/\/theliastech.com\/#website","url":"https:\/\/theliastech.com\/","name":"Th\u00e9lias Tech","description":"Scientific Instruments","publisher":{"@id":"https:\/\/theliastech.com\/#organization"},"potentialAction":[{"@type":"SearchAction","target":{"@type":"EntryPoint","urlTemplate":"https:\/\/theliastech.com\/?s={search_term_string}"},"query-input":{"@type":"PropertyValueSpecification","valueRequired":true,"valueName":"search_term_string"}}],"inLanguage":"en-US"},{"@type":"Organization","@id":"https:\/\/theliastech.com\/#organization","name":"Th\u00e9lias Tech","url":"https:\/\/theliastech.com\/","logo":{"@type":"ImageObject","inLanguage":"en-US","@id":"https:\/\/theliastech.com\/#\/schema\/logo\/image\/","url":"https:\/\/theliastech.com\/wp-content\/uploads\/2021\/02\/logo.svg","contentUrl":"https:\/\/theliastech.com\/wp-content\/uploads\/2021\/02\/logo.svg","width":132,"height":40,"caption":"Th\u00e9lias Tech"},"image":{"@id":"https:\/\/theliastech.com\/#\/schema\/logo\/image\/"}}]}},"_links":{"self":[{"href":"https:\/\/theliastech.com\/index.php\/wp-json\/wp\/v2\/pages\/524","targetHints":{"allow":["GET"]}}],"collection":[{"href":"https:\/\/theliastech.com\/index.php\/wp-json\/wp\/v2\/pages"}],"about":[{"href":"https:\/\/theliastech.com\/index.php\/wp-json\/wp\/v2\/types\/page"}],"author":[{"embeddable":true,"href":"https:\/\/theliastech.com\/index.php\/wp-json\/wp\/v2\/users\/1"}],"replies":[{"embeddable":true,"href":"https:\/\/theliastech.com\/index.php\/wp-json\/wp\/v2\/comments?post=524"}],"version-history":[{"count":6,"href":"https:\/\/theliastech.com\/index.php\/wp-json\/wp\/v2\/pages\/524\/revisions"}],"predecessor-version":[{"id":820,"href":"https:\/\/theliastech.com\/index.php\/wp-json\/wp\/v2\/pages\/524\/revisions\/820"}],"wp:attachment":[{"href":"https:\/\/theliastech.com\/index.php\/wp-json\/wp\/v2\/media?parent=524"}],"curies":[{"name":"wp","href":"https:\/\/api.w.org\/{rel}","templated":true}]}}